 Let a be (16/(-6) + 3)*15. What is the hundreds digit of l(a)?
2
Let x(k) = -k**3 + 11*k**2 + 10*k + 10. Let y(o) = o**2 + o - 24. Let l be y(-6). What is the units digit of x(l)?
0
Suppose -12*m = -70 + 34. Suppose 184 = m*k - 722. What is the hundreds digit of k?
3
What is the units digit of 3944 + 0 + -2 + 6 + -5?
3
Suppose 288 = -3*p + 4*i + i, -4*p - i = 407. Let q = 41 + p. What is the tens digit of ((84/(-15))/(-2))/((-2)/q)?
8
Suppose 5 = 5*i + 4*u, -3*i + 3 = -4*u - 0*u. Let x be (1/2)/i*-34. Let y = x + 55. What is the units digit of y?
8
Let s be (0 + 0)/1 + -9. Let j(u) = u**2 - 9*u - 17. What is the tens digit of j(s)?
4
Let x be (-2032)/(-28) - ((-195)/(-35) + -6). Suppose -77*c + 3996 = -x*c. What is the tens digit of c?
9
Suppose -2*j - 2*l - 128 = 102, 3*l - 535 = 5*j. Let i = -78 - j. What is the tens digit of 2/(-3)*8/(i/(-822))?
3
Suppose -30 - 423 = 3*o. What is the tens digit of (3 - o/(-2))*-4?
9
Suppose -53*j = -49*j - 40. What is the tens digit of (-10)/(-4)*3236/j?
0
Suppose 4*t - 77481 - 59469 = -33978. What is the hundreds digit of t?
7
Let g(k) be the second derivative of -k**5/20 + 3*k**4/4 - k**3 + 2*k**2 + 40*k. Let v be g(8). Suppose v*x - 3*x = 2261. What is the tens digit of x?
3
Let h(d) = d**3 - 13*d**2 + d + 31. Let y be h(13). Let v be (y/(-3))/(6/(-63)). What is the units digit of -2*6/(-24)*v?
7
Suppose -10 = -u - 9*u. What is the units digit of 0/(-1) - (-910 - u)?
1
Suppose w = 4*w + 9, 28 = -4*q - 4*w. Let d be q/(56/(-6)) + (-1272)/28. Let h = 87 + d. What is the tens digit of h?
4
What is the units digit of (7/2)/((-11)/(-21810 - -8))?
7
Suppose 0 = -3*s - 3*f + 57522, f - 23628 = -3*s + 33902. What is the thousands digit of s?
9
Let q(p) be the third derivative of 37*p**4/24 - 119*p**3/3 - 6*p**2 + 9. What is the hundreds digit of q(39)?
2
Let m(p) = 1800*p**2 - 65*p - 102. What is the tens digit of m(-5)?
2
Let r(p) = -5*p + 22. Let k be r(4). Suppose 0 = -k*w + 6, -w = 4*f - 2*w + 339. Let s = 188 + f. What is the tens digit of s?
0
Suppose -2*v + 8 = 2*v. Suppose -v*r - 5 = -1. What is the units digit of 29 - (r - 2 - 0)?
3
What is the hundreds digit of 4531 - (((-400)/(-12))/10 - (-1)/(-3))?
5
Let z(u) = -u**3 - 5*u**2 + 2*u - 20. Let w be z(-6). Suppose 29*h - w = 25*h. Suppose a - 673 = -5*r, a + h = -1. What is the hundreds digit of r?
1
Let w be -2*1/2 + 5 + -2. Let b(f) = 11*f + w + 12*f**2 - 10 + f**3 + 5. What is the hundreds digit of b(-5)?
1
What is the units digit of (1 - (-13 + 15))*-5 - (-27941 - -1)?
5
Suppose 37*o = 2*u + 38*o - 952, -3*u - o + 1432 = 0. Let x = 22 - 10. Suppose -u = x*m - 18*m. What is the units digit of m?
0
Let u(r) = r**3 - 36*r + 3699. What is the hundreds digit of u(0)?
6
Suppose -74*i + 1306130 - 281378 = 0. What is the ten thousands digit of i?
1
Let i(k) = -5*k - 21. Let t be i(-5). Suppose 0 = 4*d - 12 - t. Suppose 0 = z - 5*z + d*x + 488, -4*x = 4*z - 456. What is the tens digit of z?
1
Suppose 0 = -10*n + 7 + 33. What is the tens digit of (-79 - n)/((12/3)/(-4))?
8
Let h(x) = -9*x + 37. Let n(q) = -9*q - 17. Let a(b) = 10*b + 17. Let c(s) = -2*a(s) - 3*n(s). Let i be c(-5). What is the tens digit of h(i)?
9
Suppose -3*d + 36969 = -4*s + 7872, 2*d - 19384 = -2*s. What is the hundreds digit of d?
6
Suppose 6 = -x - 3*m, 2*x + 4*m + 1 + 5 = 0. Suppose -2*n - 2*n + 4*a = 21080, -x*a + 10536 = -2*n. What is the hundreds digit of (-1)/(3/(n/6))?
2
Let g = 125 + -268. What is the units digit of (-6 + g/(-22))*1*130?
5
Let a(k) = 2777*k - 1038. What is the units digit of a(4)?
0
Let i be -4*(1 + 55/(-4)). Let y = i - -100. What is the units digit of y?
1
Suppose 4*l = 12*l + 5584. Let t = -281 - l. What is the units digit of t?
7
Suppose 5 = -r + 4*h, -3*h = 3*r - 18 + 3. Suppose 3*q + 2 = 26. Suppose -r*w + q*w = 40. What is the units digit of w?
8
Let m be ((-15)/60)/(2/(-24)). Suppose -1658 = -5*y - z, 0 = -2*y + m*y + 2*z - 328. What is the hundreds digit of y?
3
What is the thousands digit of ((-2)/10*-316)/(4 - 14562/3645)?
2
Let c = -1578 + 10314. What is the tens digit of c?
3
Suppose 0 = -3*g - 2*z + 150505, -3*z - 130415 = -3*g + 20050. What is the units digit of g?
3
Suppose 4*c = -3*r + 29889, -33 = 5*r - 28. What is the tens digit of c?
7
Suppose 52*l = 64*l - 276. Suppose -12995 = -l*p + 16307. What is the thousands digit of p?
1
Let n(v) = 4*v**2 + 2*v - 1. Let y be n(1). What is the hundreds digit of -86*(-3 - (16/4 - y))?
1
Suppose -y - 4 = -7. Suppose -r = -y*o - 2*r + 2407, o - 5*r - 829 = 0. What is the units digit of o?
4
Suppose 0 = -2*h + 5*b + 32763, -85475 = -4*h + b - 19904. What is the tens digit of h?
9
Suppose 0*b = -6*b - 7*b + 162487. What is the thousands digit of b?
2
Suppose -4*w = 0, 5*s = -3*w + 53 + 162. Suppose -41*l = -s*l - 316. Let p = -56 - l. What is the tens digit of p?
0
What is the hundreds digit of (0 + 23 + -4901)*-1?
8
Suppose 83*u = 201493 + 128109 + 307506. What is the thousands digit of u?
7
Let d(u) = 19*u**3 - 16*u**2 - 16*u - 169. What is the tens digit of d(14)?
0
Let q(k) = k**2 - k + 4. Let z be q(0). Let s be z*4/(-8) - -4. Suppose 0 = -4*v - 3*r + 327, -3*r + 182 - 11 = s*v. What is the units digit of v?
8
Suppose 211 - 10 = 5*d + s, 3*d = 2*s + 118. Suppose d*z = 44*z + 80. Let h = z + 60. What is the units digit of h?
0
Let q(c) = 2*c**2 - 15*c + 54. Let w be q(20). Let p = w + -95. What is the units digit of p?
9
Let n(p) = -p**3 + 6*p**2 - 6*p + 2. Let b be n(5). Let g(c) = 7 - 41*c + 120*c - 5 - 45*c - 41*c. What is the tens digit of g(b)?
2
Suppose -14*a = -40481 - 4865. What is the units digit of a?
9
Let p = 27459 + -11996. What is the hundreds digit of p?
4
Let t(s) = -12305*s - 2700. What is the hundreds digit of t(-3)?
2
Let r = 103 - 189. Let l = 204 + r. Let u = l - 55. What is the tens digit of u?
6
Let z(b) = -21*b - 18. Let y(r) = 32*r + 27. Let t(l) = 5*y(l) + 7*z(l). Let v(n) = 40*n + 26. Let u(q) = 11*t(q) - 4*v(q). What is the units digit of u(-8)?
1
Suppose -2*u + 10*u = 128. Suppose -i = -3*v - 1 + u, 0 = 3*i. Suppose -12*m = -15*m + v*a + 61, -4*a = 4*m - 60. What is the units digit of m?
7
Suppose 9*k - 54 = 36. Suppose 2*o = 2*d - 84, -86 = -2*d + k*o - 9*o. Let a = d - 0. What is the tens digit of a?
4
Let f be ((-4092)/(-18))/(3/9). Suppose -2518 = -5*l + 3*c, 0 = 2*l + 2*c - 322 - f. What is the units digit of l?
3
Let y = -6882 + 10470. What is the units digit of y?
8
Let w(i) = -i + 18. Let r be w(18). Suppose -9*p - 392 + 2444 = r. Let q = -132 + p. What is the units digit of q?
6
Let i(r) = 77*r - 9. Suppose -f = -4*h + 14, 0 = -3*f - 3*h + 6 + 12. Let b be i(f). Suppose -139 - b = -2*o. What is the tens digit of o?
4
Suppose 0 = -4*h - 4*q + 19526 + 20542, 4*q - 50080 = -5*h. What is the ten thousands digit of h?
1
Let q = 422 - 190. Let g = q - 191. What is the units digit of g?
1
Suppose -5 + 8 = y. Suppose -y*h - 24 = -4*t, 0 = -5*h - t + 4*t - 29. What is the tens digit of ((-2)/h)/(6 - 4220/704)?
8
What is the tens digit of (-26)/(26/(-9)) + 4117?
2
What is the units digit of (-72)/(-1404) + 438590/78?
3
Suppose -q + v + 17965 = 0, -10*v + 34113 = 3*q - 19691. What is the tens digit of q?
5
Let i(m) = m**2 - 4*m + 7. Let d be i(2). Suppose -155 = -5*w - 2*a - d*a, 5*a = 4*w - 151. Suppose -8*o + w = 10. What is the units digit of o?
3
Let g(t) = 3*t**2 - 3*t - 32. Let l be 17/(-2) - (-1)/2. What is the hundreds digit of g(l)?
1
Suppose -496 = -27*c + 29*c. Let z = -29 - 336. Let k = c - z. What is the hundreds digit of k?
1
Let n = -1451 - -5122. What is the thousands digit of n?
3
Let w = 13409 - -28790. What is the tens digit of w?
9
Suppose 2*l = -3*r + 2850, -4*l - 23*r = -24*r - 5700. What is the tens digit of l?
2
Let b = -2720 - -4906. What is the tens digit of b?
8
Suppose 0 = -48*c + 55*c - 9905. Suppose 249*s - c = 244*s. What is the units digit of s?
3
Suppose -27*c + 22*c = -35. Suppose -2540 - 1149 = -c*m. What is the units digit of m?
7
Suppose 4 = 2*q, 834*u + 4*q = 838*u - 24772. What is the units digit of u?
5
Suppose -195*v = -4737881 + 484151. What is the thousands digit of v?
1
Let k = 51 + -46. Suppose 3*q + z - 10 = 0, -4*q = q + 4*z - k. Suppose 3*h - 144 = -3*j, -j - 148 = -8*h + q*h. What is the units digit of h?
9
Let s(q) = -35*q*